{"id":77,"date":"2017-01-04T18:43:53","date_gmt":"2017-01-04T18:43:53","guid":{"rendered":"http:\/\/test2.stuprak-olc.de\/?page_id=77"},"modified":"2023-11-20T17:22:29","modified_gmt":"2023-11-20T17:22:29","slug":"downloads","status":"publish","type":"page","link":"https:\/\/www.stuprak-olc.de\/?page_id=77","title":{"rendered":"Downloads"},"content":{"rendered":"<p><img loading=\"lazy\" class=\"alignnone size-full wp-image-54\" src=\"http:\/\/www.stuprak-olc.de\/WordPress_01\/wp-content\/uploads\/2017\/01\/wueu_logo.png\" alt=\"\" width=\"190\" height=\"133\" \/><\/p>\n<h6>Anmeldung zum Sch\u00fcler- und Praktikantenaustausch:<\/h6>\n<ul>\n<li><a href=\"http:\/\/www.stuprak-olc.de\/WordPress_01\/wp-content\/uploads\/2023\/11\/Anmeldung_2024.pdf\"><span style=\"color: #0000ff;\"><span style=\"color: #000080;\">Anmeldung zum Sch\u00fcler- und Praktikantenaustausch (2024)<\/span><\/span><\/a><\/li>\n<\/ul>\n<h6>Sonstige Materialien:<\/h6>\n<ul>\n<li><span style=\"color: #0000ff;\"><a style=\"color: #0000ff;\" href=\"http:\/\/www.stuprak-olc.de\/WordPress_01\/wp-content\/uploads\/2017\/01\/WLAN-Nutzung.pdf\" target=\"_blank\" rel=\"noopener\"><span style=\"color: #000080;\">Nutzungsbedingungen f\u00fcr das W-LAN der Gasteltern<\/span><\/a><\/span><\/li>\n<li><span style=\"color: #0000ff;\"><a href=\"http:\/\/www.stuprak-olc.de\/WordPress_01\/wp-content\/uploads\/2023\/11\/plakat_2024.pdf\"><span style=\"color: #000080;\">Plakat zum Sch\u00fcleraustausch (2024)<\/span><\/a><\/span><\/li>\n<\/ul>\n","protected":false},"excerpt":{"rendered":"<p>Anmeldung zum Sch\u00fcler- und Praktikantenaustausch: Anmeldung zum Sch\u00fcler- und Praktikantenaustausch (2024) Sonstige Materialien: Nutzungsbedingungen f\u00fcr das W-LAN der Gasteltern Plakat zum Sch\u00fcleraustausch (2024)<\/p>\n","protected":false},"author":1,"featured_media":0,"parent":0,"menu_order":0,"comment_status":"closed","ping_status":"closed","template":"","meta":[],"_links":{"self":[{"href":"https:\/\/www.stuprak-olc.de\/index.php?rest_route=\/wp\/v2\/pages\/77"}],"collection":[{"href":"https:\/\/www.stuprak-olc.de\/index.php?rest_route=\/wp\/v2\/pages"}],"about":[{"href":"https:\/\/www.stuprak-olc.de\/index.php?rest_route=\/wp\/v2\/types\/page"}],"author":[{"embeddable":true,"href":"https:\/\/www.stuprak-olc.de\/index.php?rest_route=\/wp\/v2\/users\/1"}],"replies":[{"embeddable":true,"href":"https:\/\/www.stuprak-olc.de\/index.php?rest_route=%2Fwp%2Fv2%2Fcomments&post=77"}],"version-history":[{"count":17,"href":"https:\/\/www.stuprak-olc.de\/index.php?rest_route=\/wp\/v2\/pages\/77\/revisions"}],"predecessor-version":[{"id":189,"href":"https:\/\/www.stuprak-olc.de\/index.php?rest_route=\/wp\/v2\/pages\/77\/revisions\/189"}],"wp:attachment":[{"href":"https:\/\/www.stuprak-olc.de\/index.php?rest_route=%2Fwp%2Fv2%2Fmedia&parent=77"}],"curies":[{"name":"wp","href":"https:\/\/api.w.org\/{rel}","templated":true}]}}