{"id":71,"date":"2017-01-04T18:30:17","date_gmt":"2017-01-04T18:30:17","guid":{"rendered":"http:\/\/test2.stuprak-olc.de\/?page_id=71"},"modified":"2023-11-20T17:06:43","modified_gmt":"2023-11-20T17:06:43","slug":"themenfeld-4-kulturaustausch-2017","status":"publish","type":"page","link":"https:\/\/www.stuprak-olc.de\/?page_id=71","title":{"rendered":"Themenfeld 4 &#8211; Kulturaustausch 2024"},"content":{"rendered":"<p><img loading=\"lazy\" class=\"alignnone size-full wp-image-72\" src=\"http:\/\/www.stuprak-olc.de\/WordPress_01\/wp-content\/uploads\/2017\/01\/t4_logo.png\" alt=\"\" width=\"250\" height=\"173\"><\/p>\n<blockquote><p><strong>Musizieren und mehr in Europa! <\/strong><\/p><\/blockquote>\n<p>Mit dem Themenfeld <em>\u201eMusizieren und mehr in Europa!\u201c<\/em> f\u00f6rdert OLC e.V. die kulturellen Beziehungen zwischen der Euroregion Oulu&nbsp; und Baden &#8211; W\u00fcrttemberg OLC e.V. bietet die Mitarbeit bei der Organisation von Konzerten oder anderen k\u00fcnstlerischen Pr\u00e4sentationen an.<\/p>\n","protected":false},"excerpt":{"rendered":"<p>Musizieren und mehr in Europa! Mit dem Themenfeld \u201eMusizieren und mehr in Europa!\u201c f\u00f6rdert OLC e.V. die kulturellen Beziehungen zwischen der Euroregion Oulu&nbsp; und Baden &#8211; W\u00fcrttemberg OLC e.V. bietet die Mitarbeit bei der Organisation von Konzerten oder anderen k\u00fcnstlerischen Pr\u00e4sentationen an.<\/p>\n","protected":false},"author":1,"featured_media":0,"parent":0,"menu_order":0,"comment_status":"closed","ping_status":"closed","template":"","meta":[],"_links":{"self":[{"href":"https:\/\/www.stuprak-olc.de\/index.php?rest_route=\/wp\/v2\/pages\/71"}],"collection":[{"href":"https:\/\/www.stuprak-olc.de\/index.php?rest_route=\/wp\/v2\/pages"}],"about":[{"href":"https:\/\/www.stuprak-olc.de\/index.php?rest_route=\/wp\/v2\/types\/page"}],"author":[{"embeddable":true,"href":"https:\/\/www.stuprak-olc.de\/index.php?rest_route=\/wp\/v2\/users\/1"}],"replies":[{"embeddable":true,"href":"https:\/\/www.stuprak-olc.de\/index.php?rest_route=%2Fwp%2Fv2%2Fcomments&post=71"}],"version-history":[{"count":6,"href":"https:\/\/www.stuprak-olc.de\/index.php?rest_route=\/wp\/v2\/pages\/71\/revisions"}],"predecessor-version":[{"id":180,"href":"https:\/\/www.stuprak-olc.de\/index.php?rest_route=\/wp\/v2\/pages\/71\/revisions\/180"}],"wp:attachment":[{"href":"https:\/\/www.stuprak-olc.de\/index.php?rest_route=%2Fwp%2Fv2%2Fmedia&parent=71"}],"curies":[{"name":"wp","href":"https:\/\/api.w.org\/{rel}","templated":true}]}}